{"id":2505,"date":"2016-03-09T05:58:27","date_gmt":"2016-03-09T05:58:27","guid":{"rendered":"https:\/\/demo2.chethemes.com\/electro\/?page_id=2505"},"modified":"2020-03-10T15:30:09","modified_gmt":"2020-03-10T14:30:09","slug":"faq","status":"publish","type":"page","link":"https:\/\/www.businessdisplay.it\/negozio\/faq\/","title":{"rendered":"FAQ"},"content":{"rendered":"<section class=\"wpb-content-wrapper\"><p>[vc_row][vc_column][vc_column_text]<\/p>\n<p style=\"text-align: center;\"><a href=\"#\">FAQ Negozio<\/a> | <a href=\"#noleggio-operativo\">FAQ Noleggio operativo<\/a><\/p>\n<p>[\/vc_column_text][\/vc_column][\/vc_row][vc_row el_class=&#8221;inner-top-xs&#8221; el_id=&#8221;noleggio-operativo&#8221;][vc_column][vc_column_text]<\/p>\n<h2 style=\"text-align: center;\">La locazione operativa<\/h2>\n<p>[\/vc_column_text][vc_toggle title=&#8221;1. Cos\u2019\u00e8 la locazione Operativa?&#8221; el_id=&#8221;1459864577831-bdb5bc1a-4a98&#8243;]<\/p>\n<p class=\"p1\"><span class=\"s1\">La locazione operativa una soluzione che consente, a fronte del pagamento di un canone fisso periodico, di avere la disponibilit\u00e0 di un bene strumentale utile alla propria attivit\u00e0. \u00c8 destinata a piccole e medie imprese, che cercano una soluzione flessibile e commisurata alla normale vita utile degli strumenti, consentendo con facilit\u00e0 il rinnovo tecnologico e contrastando l\u2019obsolescenza dei beni aziendali.<\/span><\/p>\n<p>[\/vc_toggle][vc_toggle title=&#8221;2. Perch\u00e9 la Locazione \u00e8 vantaggiosa?&#8221; el_id=&#8221;1459864633996-9b7e4f16-199e&#8221;]<\/p>\n<p class=\"p1\"><span class=\"s1\">Liquidit\u00e0 e beneficio finanziario A differenza dell\u2019acquisto, grazie ai canoni il cliente pu\u00f2 conservare il capitale e mantenere i margini di credito nei confronti della banca e dei fornitori. Non essendo considerata un\u2019operazione finanziaria, non va a influire sulle linee di credito bancarie e non impatta in centrale rischi.<\/span><\/p>\n<p class=\"p1\"><span class=\"s1\">Gestione semplice e beneficio fiscale I beni non devono esser messi in ammortamento nel bilancio, poich\u00e9 i canoni vengono considerati un servizio. I canoni sono interamente deducibili e non si pagano tasse aggiuntive (come l\u2019IRAP)\u00a0<\/span><\/p>\n<p class=\"p1\"><span class=\"s1\">Sicurezza nella pianificazione I canoni sono fissi ed invariati per tutta la durata del contratto, con pagamenti automatizzati SEPA e senza spese di incasso.\u00a0<\/span><\/p>\n<p class=\"p1\"><span class=\"s1\">Tecnologia sempre aggiornata Il settore delle tecnologie IT si evolve rapidamente e il continuo aggiornamento erode liquidit\u00e0, stipulare un contratto commisurati alla vita del bene consente l\u2019adeguamento alle nuove esigenze con ottimi vantaggi per l\u2019azienda.<\/span><\/p>\n<p>[\/vc_toggle][vc_toggle title=&#8221;3. \u00c8 uguale ad un leasing?&#8221; el_id=&#8221;1459864665894-b82f7067-8407&#8243;]<\/p>\n<p class=\"p1\"><span class=\"s1\">NO, perch\u00e9 non \u00e8 un\u2019operazione finanziaria finalizzata all\u2019acquisto con riscatto finale del bene ad una quota prestabilita. Inoltre fiscalmente i canoni di noleggio sono da considerarsi diversi da quelli di leasing. I canoni di locazione non vengono infatti calcolati sulla base di tassi di interesse in vigore, non seguono un piano di ammortamenti e non sono soggetti, ove previste, a tassazioni come IRES o IRAP.<\/span><\/p>\n<p>[\/vc_toggle][vc_toggle title=&#8221;4. \u00c8 uguale al credito finalizzato \/un finanziamento?&#8221; el_id=&#8221;1459864700197-4c554837-f084&#8243;]<\/p>\n<p class=\"p1\"><span class=\"s1\">NO, la locazione non \u00e8 un finanziamento: Grenke non eroga denaro al cliente. I canoni di locazione non vengono calcolati sulla base di tassi di interesse in vigore. Non vi sono imposte di bollo. La propriet\u00e0 del bene durante la vita contrattuale \u00e8 in capo a Grenke. 5. I canoni di locazione sono indicizzati o costanti? Sono costanti senza alcun adeguamento ISTAT.<\/span><\/p>\n<p>[\/vc_toggle][vc_toggle title=&#8221;5. Quale tasso di interesse si applica ai canoni di Locazione?&#8221; el_id=&#8221;1459864738156-c9e9af2d-48c9&#8243;]<\/p>\n<p class=\"p1\"><span class=\"s1\">NESSUNO, i canoni non sono determinati da TAN e TAEG.<\/span><\/p>\n<p>[\/vc_toggle][vc_toggle title=&#8221;6. Perch\u00e9 un cliente dovrebbe scegliere la locazione?&#8221; el_id=&#8221;1459864765251-4a22323b-b290&#8243;]<\/p>\n<p class=\"p1\"><span class=\"s1\">Perch\u00e9 per un\u2019impresa l\u2019acquisto implica un esborso immediato e totale del costo del bene, con un recupero fiscale dilazionato in anni, gravato dall\u2019imposta fiscale IRAP. Con la locazione il cliente paga dei canoni, considerati un servizio, ottenendo cos\u00ec il massimo beneficio fiscale e la dilazione nel tempo dell\u2019esborso di denaro.<\/span><\/p>\n<p>[\/vc_toggle][vc_toggle title=&#8221;7. A partire da quale importo \u00e8 possibile accedere alle soluzioni di Grenke?&#8221;]<\/p>\n<p class=\"p1\"><span class=\"s1\">Con Grenke la locazione \u00e8 possibile gi\u00e0 a partire da un prezzo d\u2019acquisto di 500 euro, consentendovi cos\u00ec di realizzare anche piccoli investimenti.<\/span><\/p>\n<p>[\/vc_toggle][vc_toggle title=&#8221;8. I privati consumatori possono sottoscrivere un contratto di locazione?&#8221;]<\/p>\n<p class=\"p1\"><span class=\"s1\">NO, solo coloro che possiedono una Partita Iva possono stipulare un contratto con Grenke.<\/span><\/p>\n<p>[\/vc_toggle][vc_toggle title=&#8221;9. Chi pu\u00f2 fare un contratto di locazione?&#8221;]<\/p>\n<p class=\"p1\"><span class=\"s1\">Liberi Professionisti e Studi Associati, Societ\u00e0 di persone (Ditte Individuali, s.n.c., s.a.s), Societ\u00e0 di Capitali (S.p.A., s.r.l.), Enti e Associazioni<\/span><\/p>\n<p>[\/vc_toggle][vc_toggle title=&#8221;10. Chi non pu\u00f2 fare un contratto di locazione?&#8221;]<\/p>\n<p class=\"p1\"><span class=\"s1\">Privati consumatori.<\/span><\/p>\n<p>[\/vc_toggle][vc_toggle title=&#8221;11. A un cliente che presenta gi\u00e0 delle segnalazioni in Banche Dati viene approvata una richiesta di noleggio?&#8221;]<\/p>\n<p class=\"p1\"><span class=\"s1\">La valutazione finale spetta comunque al Credit Center Grenke, \u00e8 una valutazione che viene fatta su ogni singola pratica, secondo diversi criteri di valutazione. Naturalmente dipende dalla gravit\u00e0 delle segnalazioni.<\/span><\/p>\n<p>[\/vc_toggle][vc_toggle title=&#8221;12. Cliente: in che modo posso presentare una richiesta di locazione?&#8221;]<\/p>\n<p class=\"p1\"><span class=\"s1\">Potrete finalizzare la vostra richiesta di noleggio scegliendo come modalit\u00e0 di pagamento Noleggio Operativo Grenke al check out del vostro carrello.<\/span><\/p>\n<p>[\/vc_toggle][vc_toggle title=&#8221;13. Cliente: Come si perfeziona il mio contratto di locazione?&#8221;]<\/p>\n<p class=\"p1\"><span class=\"s1\">Potrete firmare la Proposta Irrevocabile di Contratto di Locazione tramite la procedura di firma elettronica qualificata sulla piattaforma di e-Signature TOP (Trust Onboarding Platform) gestita da Infocert S.p.A. Il contratto si perfezioner\u00e0 solo una volta approvato dal Credit Center Grenke.<\/span><\/p>\n<p>[\/vc_toggle][vc_toggle title=&#8221;14. Cliente: perch\u00e9 la mia richiesta di locazione \u00e8 stata respinta?&#8221;]<\/p>\n<p class=\"p1\"><span class=\"s1\">Il Credit Center Grenke valuta una richiesta di noleggio a 360\u00b0, valutando diversi parametri, pertanto le motivazioni possono essere svariate. In ogni caso, rimanendo la determinazione riservata esclusivamente alla valutazione di Grenke, le motivazioni non saranno comunicate.<\/span><\/p>\n<p>[\/vc_toggle][vc_toggle title=&#8221;15. Cliente: esiste il diritto di recesso nella Locazione Operativa?&#8221;]<\/p>\n<p class=\"p1\"><span class=\"s1\">Non \u00e8 previsto il recesso, trattandosi di rapporto contrattuale avente ad oggetto la locazione operativa di beni mobili strumentali stipulato tra soggetti che operano nell\u2019abito di attivit\u00e0 professionale o di impresa e non tra\/con soggetti \u201cconsumatori\u201d.<\/span><\/p>\n<p>[\/vc_toggle][vc_toggle title=&#8221;16. Quanto dura il contratto?&#8221;]<\/p>\n<p class=\"p1\"><span class=\"s1\">Il cliente pu\u00f2 decidere tra due possibili alternative: 24 o 36 mesi.<\/span><\/p>\n<p>[\/vc_toggle][vc_toggle title=&#8221;17. Cosa succede alla fine del contratto?&#8221;]<\/p>\n<p class=\"p1\"><span class=\"s1\">Al termine della durata della locazione e senza bisogno di espressa richiesta o intimazione il cliente dovr\u00e0 restituire a propria cura e spesa il materiale a Grenke. In caso di ritardo nella restituzione, il cliente dovr\u00e0 continuare a corrispondere a Grenke Locazione, a titolo di indennizzo, gli importi che verranno calcolati sulla base dei periodi di fatturazione concordati e previsti dalle condizioni di contratto, sino all&#8217;effettiva restituzione del Materiale.<\/span><\/p>\n<p class=\"p2\"><span class=\"s1\">Tale indennit\u00e0 verr\u00e0 automaticamente fatturata e addebitata. Il cliente ha facolt\u00e0 di richiedere a Grenke la proroga della locazione formulando specifica richiesta con un preavviso di almeno 30 giorni rispetto alla scadenza del contratto medesimo.<\/span><\/p>\n<p>[\/vc_toggle][\/vc_column][\/vc_row][vc_row el_class=&#8221;inner-top-xs&#8221;][vc_column][vc_column_text]<\/p>\n<h2 style=\"text-align: center;\">Le spese del contratto<\/h2>\n<p>[\/vc_column_text][vc_toggle title=&#8221;18. Il cliente come pu\u00f2 versare i canoni, pagare le fatture?&#8221;]<\/p>\n<p class=\"p1\"><span class=\"s1\">Tutte le fatture saranno pagate con addebito diretto SEPA. L\u2019addebito SEPA \u00e8 gratuito e non ci sono spese di incasso aggiuntive. Il cliente dovr\u00e0 comunicare il proprio IBAN per l\u2019addebito dei canoni in fase di sottoscrizione della richiesta di locazione per permettere a Grenke di eseguire i necessari controlli.<\/span><\/p>\n<p>[\/vc_toggle][vc_toggle title=&#8221;19. Quando vengono addebitate le fatture sul conto corrente?&#8221;]<\/p>\n<p class=\"p1\"><span class=\"s1\">Entro la terza settimana dalla data della fattura. Indicativamente i canoni vengono addebitati fra il 15 e il 30 di ogni mese.<\/span><\/p>\n<p>[\/vc_toggle][vc_toggle title=&#8221;20. Ci sono spese di istruttoria a carico del cliente?&#8221;]<\/p>\n<p class=\"p1\">NO<\/p>\n<p>[\/vc_toggle][vc_toggle title=&#8221;21. Vengono applicati oneri di pre-locazione?&#8221;]<\/p>\n<p class=\"p1\">NO<\/p>\n<p>[\/vc_toggle][\/vc_column][\/vc_row][vc_row el_class=&#8221;inner-top-xs&#8221;][vc_column][vc_column_text]<\/p>\n<h2 style=\"text-align: center;\">L\u2019assicurazione nel contratto di locazione<\/h2>\n<p>[\/vc_column_text][vc_toggle title=&#8221;22. Perch\u00e9 \u00e8 obbligatoria l\u2019assicurazione?&#8221;]<\/p>\n<p class=\"p1\"><span class=\"s1\">Perch\u00e9 essendo la propriet\u00e0 del bene in capo a Grenke, a tutela sia del cliente che di Grenke \u00e8 obbligatorio che il bene sia coperto da assicurazione.<\/span><\/p>\n<p>[\/vc_toggle][vc_toggle title=&#8221;23. Cosa copre la polizza assicurativa applicata ai beni noleggiati?&#8221;]<\/p>\n<p class=\"p1\"><span class=\"s1\">La polizza \u00e8 ALL-RISK (furto, incendio, danni lettrici\/elettronici, danni accidentali ecc.).<\/span><\/p>\n<p>[\/vc_toggle][vc_toggle title=&#8221;24. Quanto, quando e come pago la copertura assicurativa per i beni oggetto del contratto di locazione?&#8221;]<\/p>\n<p class=\"p1\"><span class=\"s1\">L\u2019importo viene stabilito in base alla tipologia di bene e valore. Nel preventivo viene indicato il costo annuale. All\u2019inizio di ogni anno, nel mese di gennaio, il cliente riceve la fattura relativa al costo annuale della copertura assicurativa addebitata su conto corrente con addebito SEPA. All\u2019inizio di ogni contratto Grenke emette una fattura per il costo assicurativo con addebito SEPA con scadenza a 45gg. Dalla data di emissione della fattura lasciando cos\u00ec il tempo al cliente di fornire i documenti dell\u2019eventuale Assicurazione in proprio. Eventuale assicurazione dovr\u00e0 essere tempestivamente inviata a Grenke unitamente ad una Manleva assicurativa entro e non oltre 30 giorni dalla fatturazione del contratto. Eventuale documentazione dovr\u00e0 essere inviata via email a <a href=\"mailto:assicurazione@grenke.it\"><span class=\"s2\">assicurazione@grenke.it<\/span><\/a><\/span><\/p>\n<p>[\/vc_toggle][vc_toggle title=&#8221;25. Cliente: se inizio il contratto e il bene non funziona?&#8221;]<\/p>\n<p class=\"p1\"><span class=\"s1\">Dipende dalla natura del malfunzionamento. In ogni caso il cliente dovr\u00e0 avvisare tempestivamente Domino Display e procedere se necessario con l\u2019invio del bene al centro assistenza per una riparazione o eventuale sostituzione in quanto il bene per i primi 12 mesi \u00e8 coperto dalla garanzia della casa produttrice. Il cliente \u00e8 tenuto anche ad avvisare Grenke che si attiver\u00e0 per verificare un eventuale intervento della copertura assicurativa.\u00a0<\/span><\/p>\n<p>[\/vc_toggle][vc_toggle title=&#8221;27. Cliente: se il bene si rompe o viene rubato?&#8221;]<\/p>\n<p class=\"p1\"><span class=\"s1\">Il cliente \u00e8 tenuto al buon uso\/funzionamento dei beni. \u00c8 opportuno inoltrare denuncia di sinistro\/furto a Grenke entro 3 giorni dall\u2019evento. Grenke si attiver\u00e0 per garantire la copertura<\/span><\/p>\n<p>[\/vc_toggle][\/vc_column][\/vc_row]<\/p>\n<\/section>","protected":false},"excerpt":{"rendered":"<p>[vc_row][vc_column][vc_column_text] FAQ Negozio | FAQ Noleggio operativo [\/vc_column_text][\/vc_column][\/vc_row][vc_row el_class=&#8221;inner-top-xs&#8221; el_id=&#8221;noleggio-operativo&#8221;][vc_column][vc_column_text] La locazione operativa [\/vc_column_text][vc_toggle title=&#8221;1. Cos\u2019\u00e8 la locazione Operativa?&#8221; el_id=&#8221;1459864577831-bdb5bc1a-4a98&#8243;] La locazione operativa una soluzione che consente, a fronte del<\/p>\n","protected":false},"author":1,"featured_media":0,"parent":0,"menu_order":0,"comment_status":"closed","ping_status":"closed","template":"","meta":{"footnotes":""},"yoast_head":"<!-- This site is optimized with the Yoast SEO plugin v20.11 - https:\/\/yoast.com\/wordpress\/plugins\/seo\/ -->\n<title>FAQ - Digital Signage negozio online<\/title>\n<meta name=\"robots\" content=\"index, follow, max-snippet:-1, max-image-preview:large, max-video-preview:-1\" \/>\n<link rel=\"canonical\" href=\"https:\/\/www.businessdisplay.it\/negozio\/faq\/\" \/>\n<meta property=\"og:locale\" content=\"it_IT\" \/>\n<meta property=\"og:type\" content=\"article\" \/>\n<meta property=\"og:title\" content=\"FAQ - Digital Signage negozio online\" \/>\n<meta property=\"og:description\" content=\"[vc_row][vc_column][vc_column_text] FAQ Negozio | FAQ Noleggio operativo [\/vc_column_text][\/vc_column][\/vc_row][vc_row el_class=&#8221;inner-top-xs&#8221; el_id=&#8221;noleggio-operativo&#8221;][vc_column][vc_column_text] La locazione operativa [\/vc_column_text][vc_toggle title=&#8221;1. Cos\u2019\u00e8 la locazione Operativa?&#8221; el_id=&#8221;1459864577831-bdb5bc1a-4a98&#8243;] La locazione operativa una soluzione che consente, a fronte del\" \/>\n<meta property=\"og:url\" content=\"https:\/\/www.businessdisplay.it\/negozio\/faq\/\" \/>\n<meta property=\"og:site_name\" content=\"Digital Signage negozio online\" \/>\n<meta property=\"article:modified_time\" content=\"2020-03-10T14:30:09+00:00\" \/>\n<meta name=\"twitter:card\" content=\"summary_large_image\" \/>\n<meta name=\"twitter:label1\" content=\"Tempo di lettura stimato\" \/>\n\t<meta name=\"twitter:data1\" content=\"8 minuti\" \/>\n<script type=\"application\/ld+json\" class=\"yoast-schema-graph\">{\"@context\":\"https:\/\/schema.org\",\"@graph\":[{\"@type\":\"WebPage\",\"@id\":\"https:\/\/www.businessdisplay.it\/negozio\/faq\/\",\"url\":\"https:\/\/www.businessdisplay.it\/negozio\/faq\/\",\"name\":\"FAQ - Digital Signage negozio online\",\"isPartOf\":{\"@id\":\"https:\/\/www.businessdisplay.it\/negozio\/#website\"},\"datePublished\":\"2016-03-09T05:58:27+00:00\",\"dateModified\":\"2020-03-10T14:30:09+00:00\",\"breadcrumb\":{\"@id\":\"https:\/\/www.businessdisplay.it\/negozio\/faq\/#breadcrumb\"},\"inLanguage\":\"it-IT\",\"potentialAction\":[{\"@type\":\"ReadAction\",\"target\":[\"https:\/\/www.businessdisplay.it\/negozio\/faq\/\"]}]},{\"@type\":\"BreadcrumbList\",\"@id\":\"https:\/\/www.businessdisplay.it\/negozio\/faq\/#breadcrumb\",\"itemListElement\":[{\"@type\":\"ListItem\",\"position\":1,\"name\":\"Home\",\"item\":\"https:\/\/www.businessdisplay.it\/negozio\/\"},{\"@type\":\"ListItem\",\"position\":2,\"name\":\"FAQ\"}]},{\"@type\":\"WebSite\",\"@id\":\"https:\/\/www.businessdisplay.it\/negozio\/#website\",\"url\":\"https:\/\/www.businessdisplay.it\/negozio\/\",\"name\":\"Digital Signage negozio online\",\"description\":\"Acquista online monitor da vetrina, totem multimediali, monitor da interno e videowall\",\"publisher\":{\"@id\":\"https:\/\/www.businessdisplay.it\/negozio\/#organization\"},\"potentialAction\":[{\"@type\":\"SearchAction\",\"target\":{\"@type\":\"EntryPoint\",\"urlTemplate\":\"https:\/\/www.businessdisplay.it\/negozio\/?s={search_term_string}\"},\"query-input\":\"required name=search_term_string\"}],\"inLanguage\":\"it-IT\"},{\"@type\":\"Organization\",\"@id\":\"https:\/\/www.businessdisplay.it\/negozio\/#organization\",\"name\":\"Business Display\",\"url\":\"https:\/\/www.businessdisplay.it\/negozio\/\",\"logo\":{\"@type\":\"ImageObject\",\"inLanguage\":\"it-IT\",\"@id\":\"https:\/\/www.businessdisplay.it\/negozio\/#\/schema\/logo\/image\/\",\"url\":\"https:\/\/www.businessdisplay.it\/negozio\/wp-content\/uploads\/2019\/12\/LogoBusiness_HI-RES.png\",\"contentUrl\":\"https:\/\/www.businessdisplay.it\/negozio\/wp-content\/uploads\/2019\/12\/LogoBusiness_HI-RES.png\",\"width\":3333,\"height\":850,\"caption\":\"Business Display\"},\"image\":{\"@id\":\"https:\/\/www.businessdisplay.it\/negozio\/#\/schema\/logo\/image\/\"}}]}<\/script>\n<!-- \/ Yoast SEO plugin. -->","yoast_head_json":{"title":"FAQ - Digital Signage negozio online","robots":{"index":"index","follow":"follow","max-snippet":"max-snippet:-1","max-image-preview":"max-image-preview:large","max-video-preview":"max-video-preview:-1"},"canonical":"https:\/\/www.businessdisplay.it\/negozio\/faq\/","og_locale":"it_IT","og_type":"article","og_title":"FAQ - Digital Signage negozio online","og_description":"[vc_row][vc_column][vc_column_text] FAQ Negozio | FAQ Noleggio operativo [\/vc_column_text][\/vc_column][\/vc_row][vc_row el_class=&#8221;inner-top-xs&#8221; el_id=&#8221;noleggio-operativo&#8221;][vc_column][vc_column_text] La locazione operativa [\/vc_column_text][vc_toggle title=&#8221;1. Cos\u2019\u00e8 la locazione Operativa?&#8221; el_id=&#8221;1459864577831-bdb5bc1a-4a98&#8243;] La locazione operativa una soluzione che consente, a fronte del","og_url":"https:\/\/www.businessdisplay.it\/negozio\/faq\/","og_site_name":"Digital Signage negozio online","article_modified_time":"2020-03-10T14:30:09+00:00","twitter_card":"summary_large_image","twitter_misc":{"Tempo di lettura stimato":"8 minuti"},"schema":{"@context":"https:\/\/schema.org","@graph":[{"@type":"WebPage","@id":"https:\/\/www.businessdisplay.it\/negozio\/faq\/","url":"https:\/\/www.businessdisplay.it\/negozio\/faq\/","name":"FAQ - Digital Signage negozio online","isPartOf":{"@id":"https:\/\/www.businessdisplay.it\/negozio\/#website"},"datePublished":"2016-03-09T05:58:27+00:00","dateModified":"2020-03-10T14:30:09+00:00","breadcrumb":{"@id":"https:\/\/www.businessdisplay.it\/negozio\/faq\/#breadcrumb"},"inLanguage":"it-IT","potentialAction":[{"@type":"ReadAction","target":["https:\/\/www.businessdisplay.it\/negozio\/faq\/"]}]},{"@type":"BreadcrumbList","@id":"https:\/\/www.businessdisplay.it\/negozio\/faq\/#breadcrumb","itemListElement":[{"@type":"ListItem","position":1,"name":"Home","item":"https:\/\/www.businessdisplay.it\/negozio\/"},{"@type":"ListItem","position":2,"name":"FAQ"}]},{"@type":"WebSite","@id":"https:\/\/www.businessdisplay.it\/negozio\/#website","url":"https:\/\/www.businessdisplay.it\/negozio\/","name":"Digital Signage negozio online","description":"Acquista online monitor da vetrina, totem multimediali, monitor da interno e videowall","publisher":{"@id":"https:\/\/www.businessdisplay.it\/negozio\/#organization"},"potentialAction":[{"@type":"SearchAction","target":{"@type":"EntryPoint","urlTemplate":"https:\/\/www.businessdisplay.it\/negozio\/?s={search_term_string}"},"query-input":"required name=search_term_string"}],"inLanguage":"it-IT"},{"@type":"Organization","@id":"https:\/\/www.businessdisplay.it\/negozio\/#organization","name":"Business Display","url":"https:\/\/www.businessdisplay.it\/negozio\/","logo":{"@type":"ImageObject","inLanguage":"it-IT","@id":"https:\/\/www.businessdisplay.it\/negozio\/#\/schema\/logo\/image\/","url":"https:\/\/www.businessdisplay.it\/negozio\/wp-content\/uploads\/2019\/12\/LogoBusiness_HI-RES.png","contentUrl":"https:\/\/www.businessdisplay.it\/negozio\/wp-content\/uploads\/2019\/12\/LogoBusiness_HI-RES.png","width":3333,"height":850,"caption":"Business Display"},"image":{"@id":"https:\/\/www.businessdisplay.it\/negozio\/#\/schema\/logo\/image\/"}}]}},"_links":{"self":[{"href":"https:\/\/www.businessdisplay.it\/negozio\/wp-json\/wp\/v2\/pages\/2505"}],"collection":[{"href":"https:\/\/www.businessdisplay.it\/negozio\/wp-json\/wp\/v2\/pages"}],"about":[{"href":"https:\/\/www.businessdisplay.it\/negozio\/wp-json\/wp\/v2\/types\/page"}],"author":[{"embeddable":true,"href":"https:\/\/www.businessdisplay.it\/negozio\/wp-json\/wp\/v2\/users\/1"}],"replies":[{"embeddable":true,"href":"https:\/\/www.businessdisplay.it\/negozio\/wp-json\/wp\/v2\/comments?post=2505"}],"version-history":[{"count":6,"href":"https:\/\/www.businessdisplay.it\/negozio\/wp-json\/wp\/v2\/pages\/2505\/revisions"}],"predecessor-version":[{"id":7873,"href":"https:\/\/www.businessdisplay.it\/negozio\/wp-json\/wp\/v2\/pages\/2505\/revisions\/7873"}],"wp:attachment":[{"href":"https:\/\/www.businessdisplay.it\/negozio\/wp-json\/wp\/v2\/media?parent=2505"}],"curies":[{"name":"wp","href":"https:\/\/api.w.org\/{rel}","templated":true}]}}