{"id":14206,"date":"2021-06-03T09:37:44","date_gmt":"2021-06-03T07:37:44","guid":{"rendered":"https:\/\/www.businessdisplay.it\/negozio\/?post_type=product&#038;p=14206"},"modified":"2021-06-03T10:09:06","modified_gmt":"2021-06-03T08:09:06","slug":"monitor-led-32-pollici-qm32r","status":"publish","type":"product","link":"https:\/\/www.businessdisplay.it\/negozio\/monitor\/4k\/monitor-led-32-pollici-qm32r\/","title":{"rendered":"Monitor Led 32 pollici QM32R"},"content":{"rendered":"<p><img loading=\"lazy\" decoding=\"async\" class=\"wp-image-2994 size-large aligncenter\" src=\"https:\/\/www.businessdisplay.it\/negozio\/wp-content\/uploads\/2021\/04\/qmr_01.jpg\" alt=\"overview_hero_2x\" width=\"1024\" height=\"430\" \/><\/p>\n<h3 class=\"tit\">\u00c8 ora di migliorare il tuo display<\/h3>\n<p>I nuovi display della serie QMR di Samsung tagliano il disordine per offrire la migliore risoluzione UHD della categoria, nonch\u00e9 l&#8217;upscaling UHD intelligente e colori ricchi e impeccabili con Dynamic Crystal Color, il tutto in un design sottile.<\/p>\n<p><img loading=\"lazy\" decoding=\"async\" class=\"wp-image-2993 size-full aligncenter\" src=\"https:\/\/www.businessdisplay.it\/negozio\/wp-content\/uploads\/2021\/04\/qmr_02.jpg\" alt=\"hero_large_2x\" width=\"1956\" height=\"724\" \/><\/p>\n<h3 class=\"tit\">Incredibile qualit\u00e0 delle immagini 4K<\/h3>\n<p>La nuova serie QMR di Samsung offre una risoluzione 4K ad altissima definizione, creando immagini realistiche con una qualit\u00e0 dell&#8217;immagine pi\u00f9 nitida che mai.<\/p>\n<p><img loading=\"lazy\" decoding=\"async\" class=\"wp-image-2993 size-full aligncenter\" src=\"https:\/\/www.businessdisplay.it\/negozio\/wp-content\/uploads\/2021\/04\/qmr_03_03.jpg\" alt=\"hero_large_2x\" width=\"1956\" height=\"724\" \/><\/p>\n<h3 class=\"text-normal\"><strong>Processore Crystal 4K<\/strong><\/h3>\n<p>La tecnologia di upscaling UHD intelligente, realizzata probabilmente dal processore Crystal 4K di Samsung, consente di elevare i contenuti sviluppati a una risoluzione inferiore a una qualit\u00e0 di livello UHD.\u00a0Esegue anche il ripristino dei bordi e la riduzione del rumore per ottimizzare il testo e le immagini sullo schermo.<\/p>\n<p><img loading=\"lazy\" decoding=\"async\" class=\"aligncenter wp-image-2993 size-full\" src=\"https:\/\/www.businessdisplay.it\/negozio\/wp-content\/uploads\/2021\/04\/qmr_04_new-1.jpg\" alt=\"hero_large_2x\" width=\"1956\" height=\"724\" \/><\/p>\n<h3 class=\"tit\">Display dinamico a cristalli<\/h3>\n<p>La serie QMR \u00e8 dotata di Dynamic Crystal Display, che utilizza l&#8217;elaborazione a 10 bit per un&#8217;espressione del colore impeccabile, consentendo agli spettatori di godere di uno spettro di colori pi\u00f9 ampio fino a un miliardo di sfumature.\u00a0La compatibilit\u00e0 HDR + converte i contenuti a definizione standard in qualit\u00e0 HDR per un contrasto pi\u00f9 nitido e colori pi\u00f9 vividi.<\/p>\n<p><img loading=\"lazy\" decoding=\"async\" class=\"wp-image-2993 size-full aligncenter\" src=\"https:\/\/www.businessdisplay.it\/negozio\/wp-content\/uploads\/2021\/04\/qmr_06.jpg\" alt=\"hero_large_2x\" width=\"1956\" height=\"724\" \/><\/p>\n<h3 class=\"h_txt\"><strong>Design sottile e simmetrico<\/strong><\/h3>\n<p>La serie QMR presenta un nuovissimo design simmetrico che semplifica il montaggio a parete e garantisce che l&#8217;installazione sia perfetta.\u00a0Il retro piatto e la profondit\u00e0 ridotta garantiranno un display che resister\u00e0 alla prova del tempo.<\/p>\n<p><img loading=\"lazy\" decoding=\"async\" class=\"wp-image-2993 size-full aligncenter\" src=\"https:\/\/www.businessdisplay.it\/negozio\/wp-content\/uploads\/2021\/04\/qmr_05.jpg\" alt=\"hero_large_2x\" width=\"1956\" height=\"724\" \/><\/p>\n<h3 class=\"tit\">Visione perfetta con display antiriflesso<\/h3>\n<div class=\"column\">\n<p>La serie QMR \u00e8 dotata di pannelli affidabili e antiriflesso che forniscono una migliore visibilit\u00e0 da tutte le angolazioni, in qualsiasi momento della giornata, consentendo alle aziende di fornire informazioni accurate 24 ore su 24, 7 giorni su 7 in luoghi in cui informazioni chiare e accurate sono fondamentali come aeroporti e stazioni dei pendolari.<\/p>\n<p><img loading=\"lazy\" decoding=\"async\" class=\"wp-image-2993 size-full aligncenter\" src=\"https:\/\/www.businessdisplay.it\/negozio\/wp-content\/uploads\/2021\/04\/qmr_08.jpg\" alt=\"hero_large_2x\" width=\"1956\" height=\"724\" \/><\/p>\n<h3 class=\"h_txt\"><strong>Potente soluzione all-in-one<\/strong><\/h3>\n<div class=\"column\">\n<p>SSSP \u00e8 una soluzione all-in-one che semplifica l&#8217;installazione e la manutenzione.\u00a0Con Tizen 4.0, le aziende possono godere di un facile sviluppo, capacit\u00e0 potenziate con pi\u00f9 formati e standard web e protezione sicura.<\/p>\n<\/div>\n<\/div>\n","protected":false},"excerpt":{"rendered":"<p>Caratteristiche principali<\/p>\n<ul>\n<li>Luminosit\u00e0 : 400 cd\/m\u00b2<\/li>\n<li>Risoluzione : 3,840 x 2,160 (4K UHD)<\/li>\n<li>Utilizzo : 24\/7 (Ore\/Giorni)<\/li>\n<li>Cornice: 8,8 mm (U \/ L \/ R), 8,8 mm (B)<\/li>\n<li>Player : MagicInfo S6<\/li>\n<li>Garanzia : 3 Anni On-Site<\/li>\n<\/ul>\n","protected":false},"featured_media":14100,"comment_status":"open","ping_status":"closed","template":"","meta":[],"product_cat":[243,242],"product_tag":[],"yoast_head":"<!-- This site is optimized with the Yoast SEO plugin v20.11 - https:\/\/yoast.com\/wordpress\/plugins\/seo\/ -->\n<title>Monitor Led 32 pollici QM32R - Digital Signage negozio online<\/title>\n<meta name=\"robots\" content=\"index, follow, max-snippet:-1, max-image-preview:large, max-video-preview:-1\" \/>\n<link rel=\"canonical\" href=\"https:\/\/www.businessdisplay.it\/negozio\/monitor\/4k\/monitor-led-32-pollici-qm32r\/\" \/>\n<meta property=\"og:locale\" content=\"it_IT\" \/>\n<meta property=\"og:type\" content=\"article\" \/>\n<meta property=\"og:title\" content=\"Monitor Led 32 pollici QM32R - Digital Signage negozio online\" \/>\n<meta property=\"og:description\" content=\"Caratteristiche principali   Luminosit\u00e0 : 400 cd\/m\u00b2  Risoluzione : 3,840 x 2,160 (4K UHD)  Utilizzo : 24\/7 (Ore\/Giorni)  Cornice: 8,8 mm (U \/ L \/ R), 8,8 mm (B)  Player : MagicInfo S6  Garanzia : 3 Anni On-Site\" \/>\n<meta property=\"og:url\" content=\"https:\/\/www.businessdisplay.it\/negozio\/monitor\/4k\/monitor-led-32-pollici-qm32r\/\" \/>\n<meta property=\"og:site_name\" content=\"Digital Signage negozio online\" \/>\n<meta property=\"article:modified_time\" content=\"2021-06-03T08:09:06+00:00\" \/>\n<meta property=\"og:image\" content=\"https:\/\/www.businessdisplay.it\/negozio\/wp-content\/uploads\/2020\/11\/QM43R_001_Front_Black-scaled.jpg\" \/>\n\t<meta property=\"og:image:width\" content=\"2560\" \/>\n\t<meta property=\"og:image:height\" content=\"1707\" \/>\n\t<meta property=\"og:image:type\" content=\"image\/jpeg\" \/>\n<meta name=\"twitter:card\" content=\"summary_large_image\" \/>\n<meta name=\"twitter:label1\" content=\"Tempo di lettura stimato\" \/>\n\t<meta name=\"twitter:data1\" content=\"3 minuti\" \/>\n<script type=\"application\/ld+json\" class=\"yoast-schema-graph\">{\"@context\":\"https:\/\/schema.org\",\"@graph\":[{\"@type\":\"WebPage\",\"@id\":\"https:\/\/www.businessdisplay.it\/negozio\/monitor\/4k\/monitor-led-32-pollici-qm32r\/\",\"url\":\"https:\/\/www.businessdisplay.it\/negozio\/monitor\/4k\/monitor-led-32-pollici-qm32r\/\",\"name\":\"Monitor Led 32 pollici QM32R - Digital Signage negozio online\",\"isPartOf\":{\"@id\":\"https:\/\/www.businessdisplay.it\/negozio\/#website\"},\"datePublished\":\"2021-06-03T07:37:44+00:00\",\"dateModified\":\"2021-06-03T08:09:06+00:00\",\"breadcrumb\":{\"@id\":\"https:\/\/www.businessdisplay.it\/negozio\/monitor\/4k\/monitor-led-32-pollici-qm32r\/#breadcrumb\"},\"inLanguage\":\"it-IT\",\"potentialAction\":[{\"@type\":\"ReadAction\",\"target\":[\"https:\/\/www.businessdisplay.it\/negozio\/monitor\/4k\/monitor-led-32-pollici-qm32r\/\"]}]},{\"@type\":\"BreadcrumbList\",\"@id\":\"https:\/\/www.businessdisplay.it\/negozio\/monitor\/4k\/monitor-led-32-pollici-qm32r\/#breadcrumb\",\"itemListElement\":[{\"@type\":\"ListItem\",\"position\":1,\"name\":\"Home\",\"item\":\"https:\/\/www.businessdisplay.it\/negozio\/\"},{\"@type\":\"ListItem\",\"position\":2,\"name\":\"Shop\",\"item\":\"https:\/\/www.businessdisplay.it\/negozio\/shop-2\/\"},{\"@type\":\"ListItem\",\"position\":3,\"name\":\"Monitor Led 32 pollici QM32R\"}]},{\"@type\":\"WebSite\",\"@id\":\"https:\/\/www.businessdisplay.it\/negozio\/#website\",\"url\":\"https:\/\/www.businessdisplay.it\/negozio\/\",\"name\":\"Digital Signage negozio online\",\"description\":\"Acquista online monitor da vetrina, totem multimediali, monitor da interno e videowall\",\"publisher\":{\"@id\":\"https:\/\/www.businessdisplay.it\/negozio\/#organization\"},\"potentialAction\":[{\"@type\":\"SearchAction\",\"target\":{\"@type\":\"EntryPoint\",\"urlTemplate\":\"https:\/\/www.businessdisplay.it\/negozio\/?s={search_term_string}\"},\"query-input\":\"required name=search_term_string\"}],\"inLanguage\":\"it-IT\"},{\"@type\":\"Organization\",\"@id\":\"https:\/\/www.businessdisplay.it\/negozio\/#organization\",\"name\":\"Business Display\",\"url\":\"https:\/\/www.businessdisplay.it\/negozio\/\",\"logo\":{\"@type\":\"ImageObject\",\"inLanguage\":\"it-IT\",\"@id\":\"https:\/\/www.businessdisplay.it\/negozio\/#\/schema\/logo\/image\/\",\"url\":\"https:\/\/www.businessdisplay.it\/negozio\/wp-content\/uploads\/2019\/12\/LogoBusiness_HI-RES.png\",\"contentUrl\":\"https:\/\/www.businessdisplay.it\/negozio\/wp-content\/uploads\/2019\/12\/LogoBusiness_HI-RES.png\",\"width\":3333,\"height\":850,\"caption\":\"Business Display\"},\"image\":{\"@id\":\"https:\/\/www.businessdisplay.it\/negozio\/#\/schema\/logo\/image\/\"}}]}<\/script>\n<!-- \/ Yoast SEO plugin. -->","yoast_head_json":{"title":"Monitor Led 32 pollici QM32R - Digital Signage negozio online","robots":{"index":"index","follow":"follow","max-snippet":"max-snippet:-1","max-image-preview":"max-image-preview:large","max-video-preview":"max-video-preview:-1"},"canonical":"https:\/\/www.businessdisplay.it\/negozio\/monitor\/4k\/monitor-led-32-pollici-qm32r\/","og_locale":"it_IT","og_type":"article","og_title":"Monitor Led 32 pollici QM32R - Digital Signage negozio online","og_description":"Caratteristiche principali   Luminosit\u00e0 : 400 cd\/m\u00b2  Risoluzione : 3,840 x 2,160 (4K UHD)  Utilizzo : 24\/7 (Ore\/Giorni)  Cornice: 8,8 mm (U \/ L \/ R), 8,8 mm (B)  Player : MagicInfo S6  Garanzia : 3 Anni On-Site","og_url":"https:\/\/www.businessdisplay.it\/negozio\/monitor\/4k\/monitor-led-32-pollici-qm32r\/","og_site_name":"Digital Signage negozio online","article_modified_time":"2021-06-03T08:09:06+00:00","og_image":[{"width":2560,"height":1707,"url":"https:\/\/www.businessdisplay.it\/negozio\/wp-content\/uploads\/2020\/11\/QM43R_001_Front_Black-scaled.jpg","type":"image\/jpeg"}],"twitter_card":"summary_large_image","twitter_misc":{"Tempo di lettura stimato":"3 minuti"},"schema":{"@context":"https:\/\/schema.org","@graph":[{"@type":"WebPage","@id":"https:\/\/www.businessdisplay.it\/negozio\/monitor\/4k\/monitor-led-32-pollici-qm32r\/","url":"https:\/\/www.businessdisplay.it\/negozio\/monitor\/4k\/monitor-led-32-pollici-qm32r\/","name":"Monitor Led 32 pollici QM32R - Digital Signage negozio online","isPartOf":{"@id":"https:\/\/www.businessdisplay.it\/negozio\/#website"},"datePublished":"2021-06-03T07:37:44+00:00","dateModified":"2021-06-03T08:09:06+00:00","breadcrumb":{"@id":"https:\/\/www.businessdisplay.it\/negozio\/monitor\/4k\/monitor-led-32-pollici-qm32r\/#breadcrumb"},"inLanguage":"it-IT","potentialAction":[{"@type":"ReadAction","target":["https:\/\/www.businessdisplay.it\/negozio\/monitor\/4k\/monitor-led-32-pollici-qm32r\/"]}]},{"@type":"BreadcrumbList","@id":"https:\/\/www.businessdisplay.it\/negozio\/monitor\/4k\/monitor-led-32-pollici-qm32r\/#breadcrumb","itemListElement":[{"@type":"ListItem","position":1,"name":"Home","item":"https:\/\/www.businessdisplay.it\/negozio\/"},{"@type":"ListItem","position":2,"name":"Shop","item":"https:\/\/www.businessdisplay.it\/negozio\/shop-2\/"},{"@type":"ListItem","position":3,"name":"Monitor Led 32 pollici QM32R"}]},{"@type":"WebSite","@id":"https:\/\/www.businessdisplay.it\/negozio\/#website","url":"https:\/\/www.businessdisplay.it\/negozio\/","name":"Digital Signage negozio online","description":"Acquista online monitor da vetrina, totem multimediali, monitor da interno e videowall","publisher":{"@id":"https:\/\/www.businessdisplay.it\/negozio\/#organization"},"potentialAction":[{"@type":"SearchAction","target":{"@type":"EntryPoint","urlTemplate":"https:\/\/www.businessdisplay.it\/negozio\/?s={search_term_string}"},"query-input":"required name=search_term_string"}],"inLanguage":"it-IT"},{"@type":"Organization","@id":"https:\/\/www.businessdisplay.it\/negozio\/#organization","name":"Business Display","url":"https:\/\/www.businessdisplay.it\/negozio\/","logo":{"@type":"ImageObject","inLanguage":"it-IT","@id":"https:\/\/www.businessdisplay.it\/negozio\/#\/schema\/logo\/image\/","url":"https:\/\/www.businessdisplay.it\/negozio\/wp-content\/uploads\/2019\/12\/LogoBusiness_HI-RES.png","contentUrl":"https:\/\/www.businessdisplay.it\/negozio\/wp-content\/uploads\/2019\/12\/LogoBusiness_HI-RES.png","width":3333,"height":850,"caption":"Business Display"},"image":{"@id":"https:\/\/www.businessdisplay.it\/negozio\/#\/schema\/logo\/image\/"}}]}},"_links":{"self":[{"href":"https:\/\/www.businessdisplay.it\/negozio\/wp-json\/wp\/v2\/product\/14206"}],"collection":[{"href":"https:\/\/www.businessdisplay.it\/negozio\/wp-json\/wp\/v2\/product"}],"about":[{"href":"https:\/\/www.businessdisplay.it\/negozio\/wp-json\/wp\/v2\/types\/product"}],"replies":[{"embeddable":true,"href":"https:\/\/www.businessdisplay.it\/negozio\/wp-json\/wp\/v2\/comments?post=14206"}],"wp:featuredmedia":[{"embeddable":true,"href":"https:\/\/www.businessdisplay.it\/negozio\/wp-json\/wp\/v2\/media\/14100"}],"wp:attachment":[{"href":"https:\/\/www.businessdisplay.it\/negozio\/wp-json\/wp\/v2\/media?parent=14206"}],"wp:term":[{"taxonomy":"product_cat","embeddable":true,"href":"https:\/\/www.businessdisplay.it\/negozio\/wp-json\/wp\/v2\/product_cat?post=14206"},{"taxonomy":"product_tag","embeddable":true,"href":"https:\/\/www.businessdisplay.it\/negozio\/wp-json\/wp\/v2\/product_tag?post=14206"}],"curies":[{"name":"wp","href":"https:\/\/api.w.org\/{rel}","templated":true}]}}